ivided by 50?
37
What is the remainder when 10982269 is divided by 998387?
12
Calculate the remainder when 1609102 is divided by 59.
54
Calculate the remainder when 10276436 is divided by 1824.
20
Calculate the remainder when 9627397 is divided by 259.
108
Calculate the remainder when 2600253 is divided by 68427.
27
Calculate the remainder when 36716526 is divided by 20.
6
Calculate the remainder when 11023800 is divided by 1996.
1888
What is the remainder when 635637 is divided by 27?
3
What is the remainder when 3896098 is divided by 1443?
1441
Calculate the remainder when 76409 is divided by 19029.
293
What is the remainder when 1935439 is divided by 26881?
7
Calculate the remainder when 212150757 is divided by 20.
17
Calculate the remainder when 4744514 is divided by 4744513.
1
What is the remainder when 2966895 is divided by 988953?
36
Calculate the remainder when 636287 is divided by 155.
12
What is the remainder when 84615 is divided by 42268?
79
What is the remainder when 20983073 is divided by 4196612?
13
What is the remainder when 3595 is divided by 542?
343
Calculate the remainder when 134659 is divided by 270.
199
Calculate the remainder when 14328706 is divided by 13429.
13392
What is the remainder when 9855022 is divided by 244?
106
What is the remainder when 94696 is divided by 2099?
241
Calculate the remainder when 530527 is divided by 3659.
3631
What is the remainder when 35294 is divided by 14861?
5572
Calculate the remainder when 4040501 is divided by 1213.
1211
What is the remainder when 933450 is divided by 8974?
154
Calculate the remainder when 48945 is divided by 12175.
245
Calculate the remainder when 255771 is divided by 25562.
151
What is the remainder when 803367 is divided by 3978?
3789
Calculate the remainder when 22242 is divided by 3376.
1986
What is the remainder when 9661798 is divided by 120?
118
What is the remainder when 92568237 is divided by 36?
33
Calculate the remainder when 2286 is divided by 1418.
868
What is the remainder when 10716087 is divided by 105?
102
Calculate the remainder when 711267 is divided by 210.
207
Calculate the remainder when 92754 is divided by 90235.
2519
Calculate the remainder when 5880475 is divided by 52.
3
What is the remainder when 4958698 is divided by 40645?
8
What is the remainder when 320970 is divided by 16046?
50
Calculate the remainder when 13450582 is divided by 2790.
2782
What is the remainder when 1464718 is divided by 3292?
3070
Calculate the remainder when 4527091 is divided by 229.
219
Calculate the remainder when 89935 is divided by 389.
76
Calculate the remainder when 411388 is divided by 31624.
276
Calculate the remainder when 7379120 is divided by 16847.
134
Calculate the remainder when 4222852 is divided by 13.
10
What is the remainder when 2118039 is divided by 235335?
24
Calculate the remainder when 1353643 is divided by 1104.
139
Calculate the remainder when 446613 is divided by 445925.
688
Calculate the remainder when 2754342 is divided by 10.
2
What is the remainder when 37363628 is divided by 53?
6
What is the remainder when 28978 is divided by 3674?
3260
Calculate the remainder when 574889899 is divided by 4850.
4849
What is the remainder when 322074 is divided by 80260?
1034
What is the remainder when 423388 is divided by 804?
484
Calculate the remainder when 244676 is divided by 15237.
884
Calculate the remainder when 8425353 is divided by 152.
145
What is the remainder when 99899 is divided by 85?
24
Calculate the remainder when 92810 is divided by 163.
63
What is the remainder when 3129390 is divided by 572?
550
Calculate the remainder when 5596617 is divided by 3682.
3659
What is the remainder when 2058330 is divided by 1021?
1015
Calculate the remainder when 11170811 is divided by 983.
982
What is the remainder when 2639465 is divided by 2639465?
0
Calculate the remainder when 3220313 is divided by 4467.
4073
What is the remainder when 151554 is divided by 2224?
322
Calculate the remainder when 47922 is divided by 4571.
2212
What is the remainder when 404639 is divided by 293?
6
What is the remainder when 4707579 is divided by 2353520?
539
Calculate the remainder when 733022 is divided by 43.
1
Calculate the remainder when 311394694 is divided by 77848672.
6
Calculate the remainder when 4669378 is divided by 60.
58
What is the remainder when 1467404 is divided by 40?
4
What is the remainder when 26190 is divided by 4347?
108
What is the remainder when 3826003 is divided by 9309?
4
What is the remainder when 8780023 is divided by 89592?
7
What is the remainder when 3762693 is divided by 10660?
10373
Calculate the remainder when 3615553 is divided by 60259.
13
Calculate the remainder when 1205595 is divided by 747.
684
Calculate the remainder when 10365 is divided by 10260.
105
Calculate the remainder when 13074888 is divided by 53.
0
Calculate the remainder when 715143030 is divided by 445.
440
Calculate the remainder when 81474318 is divided by 80.
78
Calculate the remainder when 31742 is divided by 1248.
542
Calculate the remainder when 799892 is divided by 199813.
640
What is the remainder when 3596669 is divided by 182?
167
Calculate the remainder when 442065 is divided by 306.
201
Calculate the remainder when 2185335 is divided by 145689.
0
Calculate the remainder when 2377781 is divided by 20322.
107
What is the remainder when 1358275 is divided by 1358269?
6
What is the remainder when 1058157 is divided by 24?
21
What is the remainder when 497913 is divided by 3?
0
Calculate the remainder when 26053 is divided by 27.
25
What is the remainder when 22837 is divided by 22321?
516
Calculate the remainder when 865784 is divided by 87.
47
Calculate the remainder when 88113108 is divided by 3876.
0
Calculate the remainder when 647102 is divided by 4402.
8
Calculate the remainder when 419936 is divided by 23211.
2138
What is the remainder when 313941 is divided by 11626?
39
What is the remainder when 101919 is divided by 50460?
999
What is the remainder when 111989920 is divided by 1983?
1978
What is the remainder when 8352093 is divided by 2589?
2568
What is the remainder when 1071247 is divided by 26?
21
Calculate the remainder when 7524799 is divided by 179.
176
What is the remainder when 50662564 is divided by 1054?
1000
What is the remainder when 497015 is divided by 124247?
27
Calculate the remainder when 799874 is divided by 4255.
4189
Calculate the remainder when 101935 is divided by 101728.
207
What is the remainder when 20198709 is divided by 107?
105
Calculate the remainder when 30165 is divided by 350.
65
What is the remainder when 366528 is divided by 122162?
42
Calculate the remainder when 17668299 is divided by 1002.
33
What is the remainder when 11195478 is divided by 543?
447
Calculate the remainder when 2358423 is divided by 2339.
711
What is the remainder when 2143385 is divided by 126?
125
What is the remainder when 282930 is divided by 1735?
125
Calculate the remainder when 4942053 is divided by 153.
0
Calculate the remainder when 8042642 is divided by 804257.
72
What is the remainder when 8608677 is divided by 67784?
109
Calculate the remainder when 2589933 is divided by 199225.
8
Calculate the remainder when 17431092 is divided by 35429.
24
What is the remainder when 157628775 is divided by 79?
75
What is the remainder when 25762925 is divided by 53?
49
What is the remainder when 7783422 is divided by 2594474?
0
Calculate the remainder when 583269 is divided by 97209.
15
What is the remainder when 129538925 is divided by 18?
17
What is the remainder when 75299468 is divided by 10?
8
What is the remainder when 4962230 is divided by 261167?
57
Calculate the remainder when 168416939 is divided by 1185.
1184
What is the remainder when 55225251 is divided by 322?
319
What is the remainder when 11901727 is divided by 101724?
19
Calculate the remainder when 944929 is divided by 592.
97
Calculate the remainder when 3264919 is divided by 2511.
619
Calculate the remainder when 2598811 is divided by 4112.
27
What is the remainder when 1624044 is divided by 450?
444
What is the remainder when 1464580 is divided by 54239?
127
Calculate the remainder when 55084 is divided by 2899.
3
What is the remainder when 10862585 is divided by 